 is the tens digit of 92924?
2
What is the tens digit of 29128290?
9
What is the units digit of 6281924?
4
What is the millions digit of 4612128?
4
What is the thousands digit of 1235847?
5
What is the units digit of 91454?
4
What is the hundreds digit of 9983099?
0
What is the ten thousands digit of 169536?
6
What is the hundreds digit of 1390504?
5
What is the tens digit of 272666?
6
What is the ten thousands digit of 14480780?
8
What is the hundreds digit of 238010?
0
What is the tens digit of 432264?
6
What is the thousands digit of 10977413?
7
What is the hundred thousands digit of 4280461?
2
What is the thousands digit of 19649758?
9
What is the units digit of 1820080?
0
What is the units digit of 145806?
6
What is the units digit of 6538204?
4
What is the thousands digit of 6769229?
9
What is the tens digit of 6641857?
5
What is the units digit of 1655147?
7
What is the units digit of 2865314?
4
What is the thousands digit of 917299?
7
What is the tens digit of 2021731?
3
What is the thousands digit of 1998136?
8
What is the ten thousands digit of 585960?
8
What is the units digit of 1000711?
1
What is the tens digit of 381174?
7
What is the hundred thousands digit of 16763163?
7
What is the ten thousands digit of 216103?
1
What is the units digit of 21923?
3
What is the tens digit of 928953?
5
What is the hundred thousands digit of 3985324?
9
What is the tens digit of 24041441?
4
What is the tens digit of 13623330?
3
What is the ten thousands digit of 2441473?
4
What is the millions digit of 5612576?
5
What is the units digit of 264514?
4
What is the units digit of 167160?
0
What is the tens digit of 3659679?
7
What is the units digit of 5728746?
6
What is the hundred thousands digit of 15610044?
6
What is the units digit of 95635?
5
What is the millions digit of 6072835?
6
What is the ten thousands digit of 2215687?
1
What is the units digit of 3353839?
9
What is the hundred thousands digit of 24373017?
3
What is the hundreds digit of 3128?
1
What is the ten thousands digit of 6298575?
9
What is the tens digit of 970684?
8
What is the thousands digit of 1678662?
8
What is the thousands digit of 418474?
8
What is the ten thousands digit of 682100?
8
What is the units digit of 315735?
5
What is the tens digit of 805037?
3
What is the hundred thousands digit of 663660?
6
What is the units digit of 424074?
4
What is the hundred thousands digit of 1961327?
9
What is the units digit of 285914?
4
What is the millions digit of 3777874?
3
What is the millions digit of 1844129?
1
What is the millions digit of 35704940?
5
What is the ten thousands digit of 254837?
5
What is the hundreds digit of 277924?
9
What is the hundreds digit of 1804391?
3
What is the thousands digit of 441935?
1
What is the tens digit of 627975?
7
What is the millions digit of 3826070?
3
What is the ten thousands digit of 4655673?
5
What is the thousands digit of 17869827?
9
What is the thousands digit of 1197561?
7
What is the tens digit of 5769428?
2
What is the hundred thousands digit of 403315?
4
What is the thousands digit of 40887?
0
What is the hundreds digit of 10388796?
7
What is the ten thousands digit of 808392?
0
What is the units digit of 252627?
7
What is the hundreds digit of 78031?
0
What is the units digit of 202425?
5
What is the units digit of 6876596?
6
What is the ten thousands digit of 900287?
0
What is the hundred thousands digit of 1066932?
0
What is the thousands digit of 2659523?
9
What is the thousands digit of 2761174?
1
What is the units digit of 3375085?
5
What is the hundred thousands digit of 361572?
3
What is the units digit of 2224494?
4
What is the tens digit of 27853668?
6
What is the thousands digit of 16205766?
5
What is the tens digit of 954221?
2
What is the hundreds digit of 1554915?
9
What is the units digit of 4690744?
4
What is the thousands digit of 914907?
4
What is the ten thousands digit of 258911?
5
What is the hundred thousands digit of 19460357?
4
What is the hundreds digit of 343803?
8
What is the thousands digit of 95395?
5
What is the tens digit of 55002?
0
What is the hundred thousands digit of 116253?
1
What is the units digit of 2691605?
5
What is the thousands digit of 105568?
5
What is the tens digit of 666448?
4
What is the ten thousands digit of 3470778?
7
What is the tens digit of 375179?
7
What is the hundreds digit of 368933?
9
What is the millions digit of 39395873?
9
What is the units digit of 290114?
4
What is the tens digit of 99779?
7
What is the units digit of 6460869?
9
What is the hundred thousands digit of 1533803?
5
What is the units digit of 14758?
8
What is the hundreds digit of 605852?
8
What is the hundred thousands digit of 2845846?
8
What is the ten thousands digit of 2245537?
4
What is the millions digit of 6196380?
6
What is the tens digit of 397406?
0
What is the ten thousands digit of 486396?
8
What is the units digit of 13409310?
0
What is the thousands digit of 234465?
4
What is the hundreds digit of 147783?
7
What is the hundreds digit of 15066529?
5
What is the units digit of 6466460?
0
What is the units digit of 2601041?
1
What is the thousands digit of 1574329?
4
What is the thousands digit of 7561943?
1
What is the hundred thousands digit of 173411?
1
What is the hundreds digit of 620490?
4
What is the tens digit of 3301080?
8
What is the thousands digit of 2486589?
6
What is the ten thousands digit of 312013?
1
What is the hundred thousands digit of 2604213?
6
What is the thousands digit of 1997982?
7
What is the hundred thousands digit of 185508?
1
What is the thousands digit of 21729?
1
What is the hundred thousands digit of 1045200?
0
What is the ten thousands digit of 1000239?
0
What is the millions digit of 16182112?
6
What is the hundred thousands digit of 8198636?
1
What is the ten thousands digit of 190331?
9
What is the thousands digit of 45705?
5
What is the thousands digit of 6986600?
6
What is the thousands digit of 4890631?
0
What is the hundred thousands digit of 4221953?
2
What is the ten thousands digit of 9335356?
3
What is the hundreds digit of 1715648?
6
What is the millions digit of 9225246?
9
What is the tens digit of 432581?
8
What is the hundreds digit of 11377?
3
What is the tens digit of 1322822?
2
What is the tens digit of 823713?
1
What is the ten millions digit of 15832494?
1
What is the units digit of 373691?
1
What is the ten thousands digit of 297773?
9
What is the hundreds digit of 7597?
5
What is the ten thousands digit of 373585?
7
What is the hundred thousands digit of 352745?
3
What is the tens digit of 2401561?
6
What is the hundred thousands digit of 279918?
2
What is the millions digit of 2208200?
2
What is the units digit of 22712?
2
What is the tens digit of 577607?
0
What is the thousands digit of 5430732?
0
What is the ten thousands digit of 6114705?
1
What is the ten thousands digit of 2022925?
2
What is the units digit of 511373?
3
What is the thousands digit of 428241?
8
What is the hundred thousands digit of 6389754?
3
What is the units digit of 619176?
6
What is the ten thousands digit of 11003862?
0
What is the ten millions digit of 21695824?
2
What is the hundred thousands digit of 3135838?
1
What is the millions digit of 2693279?
2
What is the millions digit of 4469798?
4
What is the tens digit of 1449289?
8
What is the units digit of 5008986?
6
What is the hundreds digit of 8544230?
2
What is the tens digit of 578673?
7
What is the thousands digit of 11276382?
6
What is the units digit of 7156588?
8
What is the ten thousands digit of 902976?
0
What is the millions digit of 9586248?
9
What is the units digit of 7504124?
4
What is the units digit of 844960?
0
What is the hundred thousands digit of 364822?
3
What is the thousands digit of 159919?
9
What is the hundreds digit of 5066586?
5
What is the thousands digit of 4377648?
7
What is the hundred thousands digit of 640028?
6
What is the thousands digit of 364516?
4
What is the tens digit of 204077?
7
What is the units digit of 259502?
2
What is the hundreds digit of 29070916?
9
What is the ten thousands digit of 24640561?
4
What is the thousands digit of 1954782?
4
What is the hundreds digit of 1065984?
9
What is the hundreds digit of 14435245?
2
What is the units digit of 19